{"id":85,"date":"2020-12-05T13:44:10","date_gmt":"2020-12-05T13:44:10","guid":{"rendered":"http:\/\/daringduck.nl\/?page_id=85"},"modified":"2023-04-05T22:01:00","modified_gmt":"2023-04-05T21:01:00","slug":"references","status":"publish","type":"page","link":"https:\/\/daringduck.nl\/?page_id=85","title":{"rendered":"Referenties"},"content":{"rendered":"\n<p>In 2023 openen we op deze pagina een interactief forum waar deelnemers ervaringen kunnen delen met onze online activiteiten, met de nieuwe zomerkampen en met onze avonturenparken.<\/p>\n\n\n\n<p>Op dit moment kun je hier een kijkje nemen voor enkele opmerkingen die we hebben ontvangen over eerdere activiteiten.<\/p>\n\n\n\n<div class=\"wp-block-columns has-primary-background-color has-background is-layout-flex wp-container-core-columns-layout-1 wp-block-columns-is-layout-flex\">\n<div class=\"wp-block-column is-layout-flow wp-block-column-is-layout-flow\">\n<figure class=\"wp-block-image size-large\"><img loading=\"lazy\" decoding=\"async\" width=\"190\" height=\"176\" src=\"http:\/\/daringduck.nl\/wp-content\/uploads\/2020\/12\/rev-4-pic.png\" alt=\"\" class=\"wp-image-120\"\/><\/figure>\n\n\n\n<figure class=\"wp-block-image size-large\"><img loading=\"lazy\" decoding=\"async\" width=\"264\" height=\"189\" src=\"http:\/\/daringduck.nl\/wp-content\/uploads\/2020\/12\/rev-4-en.png\" alt=\"\" class=\"wp-image-121\"\/><\/figure>\n\n\n\n<figure class=\"wp-block-image size-large\"><img loading=\"lazy\" decoding=\"async\" width=\"311\" height=\"116\" src=\"http:\/\/daringduck.nl\/wp-content\/uploads\/2020\/12\/rev-4-en-2.jpg\" alt=\"\" class=\"wp-image-122\" srcset=\"https:\/\/daringduck.nl\/wp-content\/uploads\/2020\/12\/rev-4-en-2.jpg 311w, https:\/\/daringduck.nl\/wp-content\/uploads\/2020\/12\/rev-4-en-2-300x112.jpg 300w\" sizes=\"(max-width: 311px) 100vw, 311px\" \/><\/figure>\n\n\n\n<p>Ch\u00e9nxi\u00e0osh\u012b, gu\u01cengx\u012b<\/p>\n<\/div>\n\n\n\n<div class=\"wp-block-column is-layout-flow wp-block-column-is-layout-flow\">\n<figure class=\"wp-block-image size-large\"><img loading=\"lazy\" decoding=\"async\" width=\"202\" height=\"196\" src=\"http:\/\/daringduck.nl\/wp-content\/uploads\/2020\/12\/rev-1-pic-1.png\" alt=\"\" class=\"wp-image-134\"\/><\/figure>\n\n\n\n<figure class=\"wp-block-image size-large\"><img loading=\"lazy\" decoding=\"async\" width=\"332\" height=\"219\" src=\"http:\/\/daringduck.nl\/wp-content\/uploads\/2020\/12\/rev-1-en-1.jpg\" alt=\"\" class=\"wp-image-135\" srcset=\"https:\/\/daringduck.nl\/wp-content\/uploads\/2020\/12\/rev-1-en-1.jpg 332w, https:\/\/daringduck.nl\/wp-content\/uploads\/2020\/12\/rev-1-en-1-300x198.jpg 300w\" sizes=\"(max-width: 332px) 100vw, 332px\" \/><\/figure>\n\n\n\n<p><em>L\u01d0 sh\u0101n y\u00edng, gu\u01cengx\u012b<\/em><\/p>\n<\/div>\n\n\n\n<div class=\"wp-block-column is-layout-flow wp-block-column-is-layout-flow\">\n<figure class=\"wp-block-image size-large\"><img loading=\"lazy\" decoding=\"async\" width=\"174\" height=\"159\" src=\"http:\/\/daringduck.nl\/wp-content\/uploads\/2020\/12\/rev-16-pic.png\" alt=\"\" class=\"wp-image-127\"\/><\/figure>\n\n\n\n<figure class=\"wp-block-image size-large\"><img loading=\"lazy\" decoding=\"async\" width=\"370\" height=\"124\" src=\"http:\/\/daringduck.nl\/wp-content\/uploads\/2020\/12\/rev-16-en.jpg\" alt=\"\" class=\"wp-image-128\" srcset=\"https:\/\/daringduck.nl\/wp-content\/uploads\/2020\/12\/rev-16-en.jpg 370w, https:\/\/daringduck.nl\/wp-content\/uploads\/2020\/12\/rev-16-en-300x101.jpg 300w\" sizes=\"(max-width: 370px) 100vw, 370px\" \/><\/figure>\n\n\n\n<p>Emily             Sunny<\/p>\n\n\n\n<figure class=\"wp-block-image size-large\"><img loading=\"lazy\" decoding=\"async\" width=\"289\" height=\"299\" src=\"http:\/\/daringduck.nl\/wp-content\/uploads\/2020\/12\/rev-7-en-1.jpg\" alt=\"\" class=\"wp-image-133\"\/><\/figure>\n<\/div>\n<\/div>\n\n\n<div class=\"wp-block-image\">\n<figure class=\"aligncenter size-large\"><img loading=\"lazy\" decoding=\"async\" width=\"845\" height=\"617\" src=\"http:\/\/daringduck.nl\/wp-content\/uploads\/2020\/12\/references-international-ppt-2.jpg\" alt=\"\" class=\"wp-image-139\" srcset=\"https:\/\/daringduck.nl\/wp-content\/uploads\/2020\/12\/references-international-ppt-2.jpg 845w, https:\/\/daringduck.nl\/wp-content\/uploads\/2020\/12\/references-international-ppt-2-300x219.jpg 300w, https:\/\/daringduck.nl\/wp-content\/uploads\/2020\/12\/references-international-ppt-2-768x561.jpg 768w\" sizes=\"(max-width: 845px) 100vw, 845px\" \/><\/figure><\/div>\n\n\n<div class=\"wp-block-columns has-background-color has-primary-background-color has-text-color has-background is-layout-flex wp-container-core-columns-layout-2 wp-block-columns-is-layout-flex\">\n<div class=\"wp-block-column is-layout-flow wp-block-column-is-layout-flow\">\n<figure class=\"wp-block-image size-large\"><img loading=\"lazy\" decoding=\"async\" width=\"190\" height=\"176\" src=\"http:\/\/daringduck.nl\/wp-content\/uploads\/2020\/12\/rev-27-pic.png\" alt=\"\" class=\"wp-image-129\"\/><\/figure>\n\n\n\n<figure class=\"wp-block-image size-large\"><img loading=\"lazy\" decoding=\"async\" width=\"327\" height=\"147\" src=\"http:\/\/daringduck.nl\/wp-content\/uploads\/2020\/12\/rev-27-en.jpg\" alt=\"\" class=\"wp-image-130\" srcset=\"https:\/\/daringduck.nl\/wp-content\/uploads\/2020\/12\/rev-27-en.jpg 327w, https:\/\/daringduck.nl\/wp-content\/uploads\/2020\/12\/rev-27-en-300x135.jpg 300w\" sizes=\"(max-width: 327px) 100vw, 327px\" \/><\/figure>\n\n\n\n<p><em>Echo, Xiamen<\/em><\/p>\n<\/div>\n\n\n\n<div class=\"wp-block-column is-layout-flow wp-block-column-is-layout-flow\">\n<figure class=\"wp-block-image size-large\"><img loading=\"lazy\" decoding=\"async\" width=\"189\" height=\"176\" src=\"http:\/\/daringduck.nl\/wp-content\/uploads\/2020\/12\/rev-12-pic.png\" alt=\"\" class=\"wp-image-125\"\/><\/figure>\n\n\n\n<figure class=\"wp-block-image size-large\"><img loading=\"lazy\" decoding=\"async\" width=\"353\" height=\"134\" src=\"http:\/\/daringduck.nl\/wp-content\/uploads\/2020\/12\/rev-12-en.jpg\" alt=\"\" class=\"wp-image-126\" srcset=\"https:\/\/daringduck.nl\/wp-content\/uploads\/2020\/12\/rev-12-en.jpg 353w, https:\/\/daringduck.nl\/wp-content\/uploads\/2020\/12\/rev-12-en-300x114.jpg 300w\" sizes=\"(max-width: 353px) 100vw, 353px\" \/><\/figure>\n<\/div>\n\n\n\n<div class=\"wp-block-column is-layout-flow wp-block-column-is-layout-flow\">\n<figure class=\"wp-block-image size-large\"><img loading=\"lazy\" decoding=\"async\" width=\"196\" height=\"185\" src=\"http:\/\/daringduck.nl\/wp-content\/uploads\/2020\/12\/rev-2-pic-1.png\" alt=\"\" class=\"wp-image-131\"\/><\/figure>\n\n\n\n<figure class=\"wp-block-image size-large\"><img loading=\"lazy\" decoding=\"async\" width=\"380\" height=\"108\" src=\"http:\/\/daringduck.nl\/wp-content\/uploads\/2020\/12\/rev-2-en-1.jpg\" alt=\"\" class=\"wp-image-132\" srcset=\"https:\/\/daringduck.nl\/wp-content\/uploads\/2020\/12\/rev-2-en-1.jpg 380w, https:\/\/daringduck.nl\/wp-content\/uploads\/2020\/12\/rev-2-en-1-300x85.jpg 300w\" sizes=\"(max-width: 380px) 100vw, 380px\" \/><\/figure>\n\n\n\n<p>Jimmy, Shenzhen<\/p>\n<\/div>\n<\/div>\n\n\n<div class=\"wp-block-image\">\n<figure class=\"aligncenter size-large\"><img loading=\"lazy\" decoding=\"async\" width=\"731\" height=\"544\" src=\"http:\/\/daringduck.nl\/wp-content\/uploads\/2020\/12\/references-international-ppt-1-1.jpg\" alt=\"\" class=\"wp-image-140\" srcset=\"https:\/\/daringduck.nl\/wp-content\/uploads\/2020\/12\/references-international-ppt-1-1.jpg 731w, https:\/\/daringduck.nl\/wp-content\/uploads\/2020\/12\/references-international-ppt-1-1-300x223.jpg 300w\" sizes=\"(max-width: 731px) 100vw, 731px\" \/><\/figure><\/div>","protected":false},"excerpt":{"rendered":"<p>In 2023 openen we op deze pagina een interactief forum waar deelnemers ervaringen kunnen delen met onze online activiteiten, met de nieuwe zomerkampen en met onze avonturenparken. Op dit moment kun je hier een kijkje nemen voor enkele opmerkingen die we hebben ontvangen over eerdere activiteiten. Ch\u00e9nxi\u00e0osh\u012b, gu\u01cengx\u012b L\u01d0 sh\u0101n y\u00edng, gu\u01cengx\u012b Emily Sunny Echo,<a class=\"more-link\" href=\"https:\/\/daringduck.nl\/?page_id=85\">Continue reading <span class=\"screen-reader-text\">&#8220;Referenties&#8221;<\/span><\/a><\/p>\n","protected":false},"author":1,"featured_media":0,"parent":0,"menu_order":0,"comment_status":"closed","ping_status":"closed","template":"","meta":{"footnotes":""},"_links":{"self":[{"href":"https:\/\/daringduck.nl\/index.php?rest_route=\/wp\/v2\/pages\/85"}],"collection":[{"href":"https:\/\/daringduck.nl\/index.php?rest_route=\/wp\/v2\/pages"}],"about":[{"href":"https:\/\/daringduck.nl\/index.php?rest_route=\/wp\/v2\/types\/page"}],"author":[{"embeddable":true,"href":"https:\/\/daringduck.nl\/index.php?rest_route=\/wp\/v2\/users\/1"}],"replies":[{"embeddable":true,"href":"https:\/\/daringduck.nl\/index.php?rest_route=%2Fwp%2Fv2%2Fcomments&post=85"}],"version-history":[{"count":6,"href":"https:\/\/daringduck.nl\/index.php?rest_route=\/wp\/v2\/pages\/85\/revisions"}],"predecessor-version":[{"id":1396,"href":"https:\/\/daringduck.nl\/index.php?rest_route=\/wp\/v2\/pages\/85\/revisions\/1396"}],"wp:attachment":[{"href":"https:\/\/daringduck.nl\/index.php?rest_route=%2Fwp%2Fv2%2Fmedia&parent=85"}],"curies":[{"name":"wp","href":"https:\/\/api.w.org\/{rel}","templated":true}]}}